 = 24. Suppose -b = z - 16, -3*b + c*b = -2*z + 32. List the prime factors of u(z).
19
Suppose -4*z + 122 = -2. Suppose 40 = -4*n + 5*d, -2*d = n + d + 27. Let k = n + z. What are the prime factors of k?
2
Let w(g) = g**3 - 15*g**2 - 15*g - 12. Let d be w(16). Suppose 5*h + 8 + 184 = -y, -481 = 3*y - d*h. Let j = y - -279. What are the prime factors of j?
2, 7
Let q be 24/16*(-1 - -7). Suppose 0 = 5*t - g - 2442, -13*t + q*t + 5*g + 1941 = 0. List the prime factors of t.
3, 163
Let t = -38 + 1. Let u = t - -37. Suppose 4*z - z - 270 = u. List the prime factors of z.
2, 3, 5
Let k = 2238 - 1674. List the prime factors of k.
2, 3, 47
Suppose k + 8 = w - 4*k, -4*k = -4*w + 16. Suppose 2*z + w*g = 551, 5*g + 0*g = 25. What are the prime factors of z?
2, 67
Let d(c) = -3*c**3 + 5*c**2 + 330*c + 1. What are the prime factors of d(-15)?
6301
Let r(s) = s**3 - 2*s**2 - 5*s + 2. Let i = 130 - 125. Let v be r(i). Suppose -v = -3*f + 629. What are the prime factors of f?
227
Let y(b) = -14*b**2 + 8*b + 401 - 87 + 15*b**2. List the prime factors of y(0).
2, 157
Let l be ((-4)/6)/((42/(-9))/7). List the prime factors of (7 - (-220)/(-28))/(l/(-336)).
2, 3
Let t(m) = 945*m - 5956. List the prime factors of t(26).
2, 41, 227
Let i = -172 - -145. List the prime factors of 4705/15 + (-9)/i.
2, 157
Suppose -111 - 24 = -3*s. Let g = s - 43. List the prime factors of ((-1938)/85)/(g/(-5)).
3, 19
Suppose 3*u + 1434 = -p - 774, -p - 734 = u. Let n = -382 - u. What are the prime factors of n?
5, 71
Let k be (-40)/50 - 3/15. Suppose -4*g = -9*g - 1625. List the prime factors of 0 + g/(-4 + k).
5, 13
Suppose 5*v - 9*v = -12. Suppose 118 = 3*k + 4*p, 8*k - 2*p - 240 = 3*k. Suppose -v*m + k + 95 = 0. What are the prime factors of m?
47
Suppose -3*z = -2*r - 16, -40*r + 38*r = -5*z + 24. Suppose -2*d = -z*t + 928, 17 = -2*t - 2*d + 493. List the prime factors of t.
2, 3, 13
List the prime factors of 185499/15 - (-88)/220.
83, 149
Suppose -4*p = -g + 17, 8 = g + 3*g - p. Let r be (g + 11)/(-4) + -1 + 648. Suppose 776 = 5*z - y, 5*y = -4*z - 0*z + r. List the prime factors of z.
2, 3, 13
Let b(i) = 1468*i**2 - 59*i + 202. List the prime factors of b(3).
7, 31, 61
Suppose 46411 = a - 5*n, 3*n - 879 + 140040 = 3*a. List the prime factors of a.
46381
Suppose -2*c = 4*l - 40210, -64*c = -59*c + 4*l - 100495. List the prime factors of c.
5, 4019
Let i(t) = -2*t**2 - 2*t + 115. Let w be i(-13). Let q = 186 - w. List the prime factors of q.
383
Let s(i) = 3*i**2 - 3*i - 13. Let o be s(3). Suppose -4*p - 4267 = -3*k, -1716 = -o*k + 5*p + 5399. What are the prime factors of k?
3, 5, 19
Let m(r) = -r + 4. Let u be m(4). Suppose 203*b - 198*b - 1200 = u. List the prime factors of b.
2, 3, 5
Let c(b) = 8*b - 53. Let q be c(8). Suppose -q*u + 3249 + 854 = 0. List the prime factors of u.
373
Suppose -16092*b - 3931505 = -16207*b. List the prime factors of b.
17, 2011
Let z(t) = 8*t**2 + 44*t + 256. List the prime factors of z(-19).
2, 577
Let q(y) = y**3 + 7*y**2 + 9*y + 21. Suppose 11*z + 24 = 7*z. Let w be q(z). Suppose 6*k + w*v = 8*k - 50, -2*k = -2*v - 46. What are the prime factors of k?
19
Suppose -2*c + 6*r = 7*r - 64, 5*r - 110 = -3*c. List the prime factors of c/(-125)*-5*110/4.
3, 11
Let n(y) = -62*y**2 - 23*y + 69. Let b be n(3). Let f = b + 657. List the prime factors of f.
3, 11
Suppose -188 = -2*k - 4*n, -2*n = -k + 2*n + 112. Let s = k + -57. Suppose -42*q + s*q - 165 = 0. What are the prime factors of q?
3, 5, 11
Let m(i) = -9*i - 1 + 18*i - i**2 - 11*i. Let d be m(-2). List the prime factors of d + (159 - -2) - (10 - 8).
2, 79
Suppose 260 = y + 98. Let k = 230 + 29. Suppose -2*x - 401 = -3*p, -2*x + k = 3*p - y. List the prime factors of p.
137
Let g(o) = -2*o + 5. Let b be g(4). Suppose -14*i + 38 = -33*i. List the prime factors of i*(b + 1215/(-10)).
3, 83
List the prime factors of 17011 - ((-16)/2 - (-53 + 50)).
2, 3, 709
Suppose -360 = 6*i - 426. Suppose i*x = 14*x - 3, -x + 2369 = 4*j. List the prime factors of j.
2, 37
Suppose -2*l = 4*s + 148, -3*s - 164 + 53 = -2*l. Suppose 0 = -4*m + 3*p - 11, 3*m - 3*p = -4 - 8. Let i = m - s. What are the prime factors of i?
2, 19
Suppose 23*g = -17432 + 1194. Let n = -458 - g. List the prime factors of n.
2, 31
Suppose 0 = 71*p - 67*p - 172. List the prime factors of 3614/8 - p/(-172).
2, 113
Let a(s) = -s**3 + 63*s**2 + 18*s - 101. What are the prime factors of a(22)?
3, 7, 137
Suppose -23*q + 26*q - 264 = 4*c, 5*c = q - 88. Suppose -16425 = q*n - 103*n. List the prime factors of n.
3, 5, 73
List the prime factors of (-40)/((-320)/612)*(-8)/(-3).
2, 3, 17
Let q = -6018 + 13177. What are the prime factors of q?
7159
Let p(i) be the second derivative of 0 - 8*i**2 + 14*i + 7/3*i**3. List the prime factors of p(5).
2, 3
Let s = 45 - 29. Suppose 4*c = 5*d - 0*d + s, d - c + 4 = 0. Suppose 3*j - 300 = -d*j. List the prime factors of j.
2, 5
Let f(n) = 8*n - 23. Let t be f(4). Let i = t - -118. What are the prime factors of i?
127
Let w(u) = -u**2 + 25*u + 6. Suppose -58 = 10*r + 2. Let s be 19 + ((-9)/6)/(r/16). What are the prime factors of w(s)?
2, 13
Suppose 2*g = 5*r + 15, -2*g - 3 = 5*r + 12. List the prime factors of 1*786/12*(-1 - r).
131
Let k(o) = -5*o. Let b be k(-2). Suppose -7*j - 5*c = -2*j - 2885, -2*c = b. Suppose 0*z = 6*z - j. List the prime factors of z.
97
Let r = 67 - 59. Let c(v) = -v**2 + 10*v - 3. Let x be c(r). Suppose 0 = -x*g + 5*g + 200. What are the prime factors of g?
5
Let o(z) = -z**3 - 15*z**2 + 24*z + 281. Let a be o(-15). Let m = 73 + -50. Let k = m - a. What are the prime factors of k?
2, 3, 17
Suppose -l = -7*l. Let s(d) = 2*d + 4. Let w be s(l). Let r(g) = 4*g**2 - 8*g + 8. What are the prime factors of r(w)?
2, 5
Let i(g) = 20*g**2 + 17*g + 45. Let b be i(-4). Let v = b - 142. What are the prime factors of v?
5, 31
Let w = -79 - -111. Let f = w + -27. Suppose -f*p - 2*p + 665 = 0. What are the prime factors of p?
5, 19
Suppose -4*k + 2*k = 3*r - 438, r = -3*k + 657. List the prime factors of k + 27 - (-12)/(-3)*-1.
2, 5
Suppose 0 = 51*g - 1178839 - 548072. List the prime factors of g.
3, 11287
Suppose 0 = -31*h + 12*h - 16*h + 476000. What are the prime factors of h?
2, 5, 17
Suppose f - 380 = 2*x, f = -0*f + 5*x + 389. Let i = f - 256. Suppose w - i = j, 348 = 4*w - w - j. What are the prime factors of w?
5, 23
Let v(s) = s**2 + 11*s + 3. Let y be v(-11). Let w(k) = -4 + 3*k**y + 7*k**3 - 11*k**3 - k. What are the prime factors of w(-3)?
2, 13
Suppose -11485 = -35*z + 5315. What are the prime factors of 56/70*z/2?
2, 3
Suppose -z - 466 = -2*s + 194, 5*z + 660 = 2*s. Suppose -5*b - 4*j + 1615 = -67, 0 = -b - 4*j + s. List the prime factors of b.
2, 13
Let s(r) = 5557*r + 2952. What are the prime factors of s(6)?
2, 3, 23, 263
Let j(g) = 8*g + 391. List the prime factors of j(-36).
103
Let w(y) = -74*y - 3323. What are the prime factors of w(-72)?
5, 401
Let n(y) = -190*y - 336. List the prime factors of n(-13).
2, 11, 97
Let c(b) = 413*b - 23 - 389*b - 22. List the prime factors of c(4).
3, 17
Let l(u) = 2*u**3 - 23*u**2 + 21*u + 10. Let y(k) = k - 3. Let p be y(7). Let n(f) = f**2. Let o(i) = p*n(i) + l(i). List the prime factors of o(9).
2, 59
Suppose 2*h - 5*k = 10367, -h + 488 + 4698 = -5*k. List the prime factors of h.
3, 11, 157
Let s be (-2)/10 + 81/5. Let o be 4/s*-9 + (-5)/(-20). Let m(r) = 29*r**2 + r - 1. What are the prime factors of m(o)?
113
Let p(v) = 6*v - 136. Let o(r) = 2*r**2 - 38*r + 36. Let y be o(19). What are the prime factors of p(y)?
2, 5
Suppose 4*v + 1 = -3*d, -2*v + 5*v - 5*d - 21 = 0. Suppose -5*l + 10 = -3*x, 3*x = -v*l + 3*l - 2. Suppose -65 = -l*w + 227. List the prime factors of w.
2, 73
Let g = 18 + -53. Let b = g - 70. Let u = b - -217. List the prime factors of u.
2, 7
Suppose 3*u = 4*c - 705, -26 = -3*c - 4*u + 484. Suppose -185*j + 231 = -c*j. List the prime factors of j.
3, 7
List the prime factors of 1 + 15/(-2)*1602/((-27)/9).
2, 2003
Let h(q) = -q**3 - 15*q**2 + 16*q - 5. Let o(l) = 3*l**3 + 31*l**2 - 32*l + 11. Let j(c) = -5*h(c) - 2*o(c). List the prime factors of j(11).
3, 23
Suppose 5*d = p + 5, p - 4 = 2*d - 3. Suppose 0 = -3*s + 1 + d, s = o - 271. List the prime factors of o.
2, 17
Suppose -294*f + 587*f = 244*f + 1607641. List the prime